Let r be -8 - 1 - -3 - -17. Let p = -1 - -14. Suppose -16 = -p*l + r*l. What is the remainder when l is divided by 3?
2
Let w be 0 - 9/12 - 2745/20. What is the remainder when 36/(-60) - w/5 is divided by 2/(-6) + (-93)/(-9)?
7
Let l(t) = t**3 + 6*t**2 - 17*t - 7. Let x = -19 - -34. Let o = x - 23. What is the remainder when l(o) is divided by 1?
0
Let x(m) = 6*m**2 + 50*m - 29. Calculate the remainder when x(-14) is divided by 9.
6
Let p = 514 - 421. Calculate the remainder when 835 is divided by p.
91
Let b(u) = -u**2 + 6*u - 5. Let a be b(4). Suppose 11 = -a*o + 62. Calculate the remainder when o is divided by 7.
3
Suppose -4*c + 86 = 2*s, 3*c + 114 = s + s. Suppose -m - s = -4*m + 2*z, -2*m = -4*z - 34. What is the remainder when 70798/1456 + (-6)/(-16) is divided by m?
15
Suppose -5*q + 2*q + 51 = 0. Suppose 3*h - 359 = -8. Calculate the remainder when h is divided by q.
15
What is the remainder when 85 is divided by 1 - 2 - (5 + -17)?
8
Let c(i) be the second derivative of -i**5/20 + 7*i**4/12 - i**3/2 - 13*i**2/2 - 41*i. Calculate the remainder when (27/(-12))/(2/(-8)) is divided by c(6).
4
Suppose -4695 = -27*d + 4701. What is the remainder when d is divided by 70?
68
Suppose 0 = -9*n + 2 + 16. What is the remainder when 33 is divided by n/((4/(-2))/(-12))?
9
Suppose -6*x + 4 = -4*x. Suppose x*y - a = 22, 5*y - 9 = -4*a + 20. Calculate the remainder when 24 is divided by y.
6
Suppose 0*b + 5 = -5*b. Let y(x) = 11*x**2 + x. Calculate the remainder when (10/3 + -4)*6 - -42 is divided by y(b).
8
Let t = 132 + -131. What is the remainder when 19 is divided by 0 + 2 + 0 + t + 2?
4
Suppose z + 29 = 5*k - 47, -k + 10 = 5*z. Let w be 3/9 + 70/k. Suppose -h + 10 = -2*x, -3*h - w*x + 2*x = -48. What is the remainder when h is divided by 4?
2
Let h = 496 - 262. What is the remainder when h is divided by 47?
46
Let l(d) = -d**3 + 5*d**2 + 21*d + 6. Let p be l(7). Let t = 24 + -10. What is the remainder when 268/5 - (-22)/p is divided by t?
12
What is the remainder when (-888)/(-8) + (4 - 8) is divided by 11?
8
Suppose 0 = -5*s - j - 8, 5 = 2*j + 1. Let d = -34 - s. Calculate the remainder when 17 is divided by (5/(-4))/(8/d).
2
Suppose -21*a + 79 = -488. Calculate the remainder when 242 is divided by a.
26
Let q = -9 - -11. What is the remainder when 4*q/10 - (-1173)/115 is divided by 3?
2
Let t = -859 + 884. Suppose f + 0*f - 3 = 0. Suppose -f*q + 227 = 83. Calculate the remainder when q is divided by t.
23
Let g(m) = -11*m + 2. Suppose 4*r + 3*v - 246 = 0, -4*r + 244 = 4*v - 2*v. Suppose c = -13 + r. Calculate the remainder when c is divided by g(-2).
23
Let r(w) = 2*w + 1. Let d be 20 + -7 - (-8)/(-2). Suppose -d*c - 25 = -70. What is the remainder when r(3) is divided by c?
2
Let b = 0 + 1. Suppose 142*z - 4*q - 88 = 138*z, -4*z - q = -108. Calculate the remainder when z is divided by 3*3 + (b - 1).
8
Suppose 3*z = -2*z + 8*x + 1276, -5*z - 4*x = -1312. Calculate the remainder when z is divided by 33.
29
Suppose -2*o = -26 - 0. What is the remainder when (1 - 2/4) + 1125/18 is divided by o?
11
Let m be 20/(-15)*(-2)/((-4)/(-3)). Let t(d) = 9*d**2 + 3*d - 6. Calculate the remainder when t(m) is divided by ((-2)/(-6))/((-2)/(-114)).
17
Let t(x) = x + 34. What is the remainder when (4/(72/1431))/(3/4) is divided by t(-7)?
25
What is the remainder when (-1 - 6/(-7)) + (-4476)/(-21) is divided by 31?
27
Suppose 51*t - 29939 = 4*t. Calculate the remainder when t is divided by 22.
21
Let x = 40 + 37. Let u = x - 37. What is the remainder when u is divided by 7*(1 - -1 - 0)?
12
Suppose 7*z - 1508 = -22*z. What is the remainder when z is divided by 19?
14
Let y be 0/(0 + -4) - -1. Calculate the remainder when -1 - (-1 + y + -3 - 72) is divided by 15.
14
Let q be (12/(-24))/(2/(-20)). Suppose 3*a = 2*a - q*p + 46, 0 = -4*a + p + 121. Calculate the remainder when a is divided by 11.
9
Suppose -10*o + 27 = -123. Suppose -4*j = -3*j + 5*u - 36, u + 128 = 5*j. What is the remainder when j is divided by o?
11
Let b be 2 - 0/(6/(-2)) - 45. Let l = 46 + b. Suppose 0*i = 3*v - 4*i - 23, 0 = -2*v + 2*i + 16. Calculate the remainder when v is divided by l.
0
Suppose 2*r = 3*i + 171, 7*i - 4*i + 333 = 4*r. What is the remainder when r is divided by 47?
34
Let o = 4 - 1. Let n(y) = 5*y**2 + 3*y**3 - 4*y**3 + 3 - 5*y - 2*y**2 + o*y**2. Calculate the remainder when 10 is divided by n(5).
1
Suppose 2*o - 12 = 4. Let s(n) = -n**2 + 5*n + 2. Let r be s(4). Suppose r*q + 48 = o*q. What is the remainder when 71 is divided by q?
23
Suppose 7*h = 2*h - 30. What is the remainder when 33/99 + (-58)/h is divided by 8?
2
Suppose j + 12*j = 429. Calculate the remainder when 227 is divided by j.
29
Suppose 6*r = r - x + 27, 5*r - 4*x = 17. Suppose -r*k = -25, -3*a + 26 + 31 = -3*k. Calculate the remainder when ((-306)/(-27) - 2)*(-30)/(-4) is divided by a.
22
Let i = -4 + 8. Let m be i/((-8)/2) + -1. What is the remainder when 9/(m/2 - -2) is divided by 6?
3
Let f = -21 + 13. Let k(n) = -17*n + 9. Let m be k(f). Suppose -4*i + 9*i = 0, 5*s + 4*i = m. What is the remainder when s is divided by 16?
13
Let a(n) = -2*n**3 + 6*n**2 + n + 3. Let d be a(3). What is the remainder when -15*d*(-15)/10 is divided by 46?
43
What is the remainder when ((-2)/(-6))/((-4)/(-336)) is divided by (1 + 39)*(-2)/(-5)?
12
Suppose 18*r + 216 = 26*r. Calculate the remainder when 64 is divided by r.
10
Suppose -218*t = -208*t - 120. What is the remainder when 283 is divided by t?
7
Suppose h + 4*h = 5*l + 35, -2*l - h - 8 = 0. Let v = 26 - l. Let x = v + -27. Calculate the remainder when 15 is divided by x.
3
Suppose 22*q - 52 = 388. Calculate the remainder when 86 is divided by q.
6
Calculate the remainder when (-3)/(-4) + (511/4)/7 is divided by 5.
4
Let v = 153 + -117. What is the remainder when 157 is divided by v?
13
Let h = -259 - -309. Calculate the remainder when 152 is divided by h.
2
Let p = -35 - -30. Let d be 992/10 - (-1)/p. Suppose -5*l = -126 - d. What is the remainder when l is divided by 24?
21
Let q = 684 + -677. Calculate the remainder when 17 is divided by q.
3
What is the remainder when (3 + -1)*302/4 + 4 is divided by 39?
38
Let o(a) = 10*a**3 - 44*a**2 - 9*a - 10. Calculate the remainder when o(5) is divided by 10.
5
Let a(i) = i**3 + 7*i**2 + 9*i + 5. Let q be a(-3). Let c = 22 - q. Let v = -21 + 52. Calculate the remainder when v is divided by c.
7
Suppose 0 = 5*i + 105 - 125. Calculate the remainder when (7/i)/(((-26)/(-16))/13) is divided by 4.
2
Suppose -2*q + 70 - 6 = 0. Calculate the remainder when q is divided by ((-126)/35 - (-6)/10) + 10.
4
Suppose g - 5 = -2. What is the remainder when 78 is divided by g?
0
Let l = -50 - -58. Suppose -a - l*r = -4*r - 5, -5*r = 20. What is the remainder when 76 is divided by a?
13
Let a = -27 + 38. Suppose -5*m = -3*k - a, 0 = k - 4*m + 1 - 2. Let b = k + 20. What is the remainder when 23 is divided by b?
10
Let s(t) = -t**3 + 11*t**2 - 14*t + 11. Let m(h) = 5*h + 4. Let d be m(1). What is the remainder when s(d) is divided by 12?
11
Let f(u) = u**3 - 14*u**2 + 2*u + 2. Suppose 24 + 16 = -2*q. What is the remainder when f(14) is divided by 32/q*(-11 + 1)?
14
Suppose 2*n - u = 27, u + 49 = 2*n + 2*n. Suppose 12*v = n*v + 3. Calculate the remainder when 3 is divided by (-24)/(-9) - 2/v.
1
Suppose -2*v + 52 = -j - 3*j, 3*j = 3. Suppose -g + v = c + 2*c, -5*c - 3*g = -44. Suppose 7*s + 0*s - 42 = 0. Calculate the remainder when c is divided by s.
4
Let t = 2007 + -1893. What is the remainder when 337 is divided by t?
109
Suppose -3485 = -3*a + 11*a - 3629. Let k be (2 - (-2 + 2))*-1. Calculate the remainder when (3 + k - 0)*71 is divided by a.
17
Let j be (14 - (-1)/(-1)) + 3. Let g = j + -6. What is the remainder when 41 is divided by ((-55)/g)/((-2)/4)?
8
Let v be (5 + 64/(-12))/(2/(-24)). Suppose 6*m - 90 = -5*t + m, 66 = v*t + m. What is the remainder when 61 is divided by t?
13
Suppose -w = -3 - 6. Suppose -w*s = -5*s. Suppose -5*g + s*g + 40 = 0. What is the remainder when 38 is divided by g?
6
Let r(j) = 2*j - 11. Let z = -48 - -71. Let v be z/2 - 7/(-14). Calculate the remainder when 25 is divided by r(v).
12
Suppose 167*z = 161*z + 6. Let d = 21 + -17. What is the remainder when d is divided by z?
0
Let p be (-13)/13 - (-1 + -1